{"id":105,"date":"2020-04-14T11:29:19","date_gmt":"2020-04-14T10:29:19","guid":{"rendered":"http:\/\/hpc.fis.unm.si\/?page_id=105"},"modified":"2020-10-15T13:33:10","modified_gmt":"2020-10-15T11:33:10","slug":"hpc-rudolf","status":"publish","type":"page","link":"https:\/\/hpc.fis.unm.si\/hpc-rudolf\/","title":{"rendered":"HPC Rudolf"},"content":{"rendered":"<p><strong>HPC Rudolf<\/strong> se uporablja za mno\u017ei\u010dne numeri\u010dne simulacije, ki so jedro vseh na\u0161ih raziskovalnih smeri. Poleg tega, na\u0161 raziskovalni center, ki je zgrajen okrog Rudolfa, izvaja, upravlja in sodeluje pri temeljnih, aplikativnih, eksperimentalnih in strokovnih projektov ter nalogah, ki zahtevajo uporabo HPC-a. Ti vklju\u010dujejo razli\u010dne zainteresirane dele\u017enike iz gospodarstva, lokalne skupnosti, dr\u017eavnih organov, mednarodnih raziskovalnih in komercialnih institucij, nevladnih organizacij in drugih. HPC se uporablja tudi za izobra\u017eevalne potrebe.<\/p>\n<p>Konfiguracija <strong>HPC Rudolf<\/strong>:<br \/>&#8211; 736 procesorskih jeder<br \/>&#8211; 3.6 TB RAM<br \/>&#8211; kapaciteta 13 TFlops operacij<br \/>&#8211; 96 TB diskovnega polja<\/p>\n\n\n<p><\/p>\n","protected":false},"excerpt":{"rendered":"<p>HPC Rudolf se uporablja za mno\u017ei\u010dne numeri\u010dne simulacije, ki so jedro vseh na\u0161ih raziskovalnih smeri. Poleg tega, na\u0161 raziskovalni center, ki je zgrajen okrog Rudolfa, izvaja, upravlja in sodeluje pri temeljnih, aplikativnih, eksperimentalnih in strokovnih projektov ter nalogah, ki zahtevajo uporabo HPC-a. Ti vklju\u010dujejo razli\u010dne zainteresirane dele\u017enike iz gospodarstva, lokalne skupnosti, dr\u017eavnih organov, mednarodnih raziskovalnih in komercialnih institucij, nevladnih organizacij in drugih. HPC se uporablja tudi za izobra\u017eevalne potrebe. Konfiguracija HPC Rudolf:&#8211; 736 procesorskih jeder&#8211; 3.6 TB RAM&#8211; kapaciteta 13&#8230;<\/p>\n<p class=\"read-more\"><a class=\"btn btn-default\" href=\"https:\/\/hpc.fis.unm.si\/hpc-rudolf\/\"> Read More<span class=\"screen-reader-text\">  Read More<\/span><\/a><\/p>\n","protected":false},"author":1,"featured_media":0,"parent":0,"menu_order":0,"comment_status":"closed","ping_status":"closed","template":"","meta":{"footnotes":""},"class_list":["post-105","page","type-page","status-publish","hentry"],"_links":{"self":[{"href":"https:\/\/hpc.fis.unm.si\/wp-json\/wp\/v2\/pages\/105","targetHints":{"allow":["GET"]}}],"collection":[{"href":"https:\/\/hpc.fis.unm.si\/wp-json\/wp\/v2\/pages"}],"about":[{"href":"https:\/\/hpc.fis.unm.si\/wp-json\/wp\/v2\/types\/page"}],"author":[{"embeddable":true,"href":"https:\/\/hpc.fis.unm.si\/wp-json\/wp\/v2\/users\/1"}],"replies":[{"embeddable":true,"href":"https:\/\/hpc.fis.unm.si\/wp-json\/wp\/v2\/comments?post=105"}],"version-history":[{"count":17,"href":"https:\/\/hpc.fis.unm.si\/wp-json\/wp\/v2\/pages\/105\/revisions"}],"predecessor-version":[{"id":639,"href":"https:\/\/hpc.fis.unm.si\/wp-json\/wp\/v2\/pages\/105\/revisions\/639"}],"wp:attachment":[{"href":"https:\/\/hpc.fis.unm.si\/wp-json\/wp\/v2\/media?parent=105"}],"curies":[{"name":"wp","href":"https:\/\/api.w.org\/{rel}","templated":true}]}}